{"id":2795,"date":"2023-08-06T14:54:05","date_gmt":"2023-08-06T14:54:05","guid":{"rendered":"https:\/\/soko-livekrimi.de\/?page_id=2795"},"modified":"2025-05-06T14:57:30","modified_gmt":"2025-05-06T14:57:30","slug":"tatort-werden","status":"publish","type":"page","link":"https:\/\/soko-livekrimi.de\/index.php\/tatort-werden\/","title":{"rendered":"Tatort werden"},"content":{"rendered":"\t\t<div data-elementor-type=\"wp-page\" data-elementor-id=\"2795\" class=\"elementor elementor-2795\" data-elementor-post-type=\"page\">\n\t\t\t\t\t\t<section class=\"elementor-section elementor-top-section elementor-element elementor-element-30a298b elementor-section-boxed elementor-section-height-default elementor-section-height-default\" data-id=\"30a298b\" data-element_type=\"section\" data-e-type=\"section\">\n\t\t\t\t\t\t<div class=\"elementor-container elementor-column-gap-default\">\n\t\t\t\t\t<div class=\"elementor-column elementor-col-100 elementor-top-column elementor-element elementor-element-386775e\" data-id=\"386775e\" data-element_type=\"column\" data-e-type=\"column\">\n\t\t\t<div class=\"elementor-widget-wrap elementor-element-populated\">\n\t\t\t\t\t\t<div class=\"elementor-element elementor-element-e07d2e6 elementor-widget elementor-widget-text-editor\" data-id=\"e07d2e6\" data-element_type=\"widget\" data-e-type=\"widget\" data-widget_type=\"text-editor.default\">\n\t\t\t\t<div class=\"elementor-widget-container\">\n\t\t\t\t\t\t\t\t\t<p>Sie sind daran interssiert, unsere SOKO Livekrimis bei Ihnen anzubieten?<br \/>Sie besitzen oder leiten eine Lokalit\u00e4t und m\u00f6chten in einem einzigartigen Rahmen neue G\u00e4ste auf Ihr Angebot aufmerksam machen und Ihren Stammg\u00e4sten ein au\u00dfergew\u00f6hnliches Event bieten?<\/p><p>Unsere Livekrimis sind in (fast) allen Indoor Lokalit\u00e4ten spielbar und k\u00f6nnen auf unterschiedliche Rahmenbedingungen angepasst werden, ganz gleich, ob:<\/p><ul><li>Restaurant<\/li><li>Hotel<\/li><li>Bar<\/li><li>Event Location jeglicher Art (z.B.: B\u00fcrgerhaus, Vereinsheim, ehemalige Fabrikgeb\u00e4ude, Festsaal)<\/li><li>Schl\u00f6sser, Burgen und co.<\/li><li>Bibliotheken<\/li><li>etc.<\/li><\/ul><div>Die Livekrimis sind sowohl in Kombination mit einem Mehrgang-Men\u00fc, als auch mit reiner Getr\u00e4nkebegleitung spielbar, sodass wir uns an Ihre Begebenheiten vor Ort anpassen k\u00f6nnen.<br \/>Auch als Erg\u00e4nzung zu einem bereits bestehenden Angebot an Dinner-Events eignen sich die Livekrimis, da sich unser Konzept auf das Spielerlebnis, sowie die Ermittlungen im Team und am Tatort konzentrierten. Wir f\u00fcgen unseren Tatort in ihre Lokalit\u00e4t ein und kreieren so ein immersives Erlebnis.\u00a0<\/div><p>Wir konnten Ihr Interesse wecken?<br \/>Dann schreiben Sie uns noch heute, damit wir Ihnen ein unverbindliches Angebot machen k\u00f6nnen, das auf Ihre Lokalit\u00e4t zugeschnitten ist:<\/p>\t\t\t\t\t\t\t\t<\/div>\n\t\t\t\t<\/div>\n\t\t\t\t\t<\/div>\n\t\t<\/div>\n\t\t\t\t\t<\/div>\n\t\t<\/section>\n\t\t\t\t<section class=\"elementor-section elementor-top-section elementor-element elementor-element-e9710fc elementor-section-boxed elementor-section-height-default elementor-section-height-default\" data-id=\"e9710fc\" data-element_type=\"section\" data-e-type=\"section\">\n\t\t\t\t\t\t<div class=\"elementor-container elementor-column-gap-default\">\n\t\t\t\t\t<div class=\"elementor-column elementor-col-100 elementor-top-column elementor-element elementor-element-e4561a0\" data-id=\"e4561a0\" data-element_type=\"column\" data-e-type=\"column\">\n\t\t\t<div class=\"elementor-widget-wrap elementor-element-populated\">\n\t\t\t\t\t\t<div class=\"elementor-element elementor-element-6ecfa57 elementor-button-align-stretch elementor-widget elementor-widget-form\" data-id=\"6ecfa57\" data-element_type=\"widget\" data-e-type=\"widget\" data-settings=\"{&quot;step_next_label&quot;:&quot;N\\u00e4chster&quot;,&quot;step_previous_label&quot;:&quot;Voriger&quot;,&quot;button_width&quot;:&quot;100&quot;,&quot;step_type&quot;:&quot;number_text&quot;,&quot;step_icon_shape&quot;:&quot;circle&quot;}\" data-widget_type=\"form.default\">\n\t\t\t\t<div class=\"elementor-widget-container\">\n\t\t\t\t\t\t\t<form class=\"elementor-form\" method=\"post\" name=\"Tatort werden\" aria-label=\"Tatort werden\">\n\t\t\t<input type=\"hidden\" name=\"post_id\" value=\"2795\"\/>\n\t\t\t<input type=\"hidden\" name=\"form_id\" value=\"6ecfa57\"\/>\n\t\t\t<input type=\"hidden\" name=\"referer_title\" value=\"\" \/>\n\n\t\t\t\n\t\t\t<div class=\"elementor-form-fields-wrapper elementor-labels-above\">\n\t\t\t\t\t\t\t\t<div class=\"elementor-field-type-text elementor-field-group elementor-column elementor-field-group-field_7e582b9 elementor-col-100 elementor-field-required elementor-mark-required\">\n\t\t\t\t\t\t\t\t\t\t\t\t<label for=\"form-field-field_7e582b9\" class=\"elementor-field-label\">\n\t\t\t\t\t\t\t\tName\t\t\t\t\t\t\t<\/label>\n\t\t\t\t\t\t\t\t\t\t\t\t\t\t<input size=\"1\" type=\"text\" name=\"form_fields[field_7e582b9]\" id=\"form-field-field_7e582b9\" class=\"elementor-field elementor-size-sm  elementor-field-textual\" placeholder=\"Name\" required=\"required\">\n\t\t\t\t\t\t\t\t\t\t\t<\/div>\n\t\t\t\t\t\t\t\t<div class=\"elementor-field-type-email elementor-field-group elementor-column elementor-field-group-email elementor-col-100 elementor-field-required elementor-mark-required\">\n\t\t\t\t\t\t\t\t\t\t\t\t<label for=\"form-field-email\" class=\"elementor-field-label\">\n\t\t\t\t\t\t\t\tE-Mail\t\t\t\t\t\t\t<\/label>\n\t\t\t\t\t\t\t\t\t\t\t\t\t\t<input size=\"1\" type=\"email\" name=\"form_fields[email]\" id=\"form-field-email\" class=\"elementor-field elementor-size-sm  elementor-field-textual\" placeholder=\"E-Mail\" required=\"required\">\n\t\t\t\t\t\t\t\t\t\t\t<\/div>\n\t\t\t\t\t\t\t\t<div class=\"elementor-field-type-text elementor-field-group elementor-column elementor-field-group-field_00c3c15 elementor-col-100 elementor-field-required elementor-mark-required\">\n\t\t\t\t\t\t\t\t\t\t\t\t<label for=\"form-field-field_00c3c15\" class=\"elementor-field-label\">\n\t\t\t\t\t\t\t\tName und Ort der Lokalit\u00e4t\t\t\t\t\t\t\t<\/label>\n\t\t\t\t\t\t\t\t\t\t\t\t\t\t<input size=\"1\" type=\"text\" name=\"form_fields[field_00c3c15]\" id=\"form-field-field_00c3c15\" class=\"elementor-field elementor-size-sm  elementor-field-textual\" placeholder=\"Name und Ort der Lokalit\u00e4t\" required=\"required\">\n\t\t\t\t\t\t\t\t\t\t\t<\/div>\n\t\t\t\t\t\t\t\t<div class=\"elementor-field-type-textarea elementor-field-group elementor-column elementor-field-group-message elementor-col-100 elementor-field-required elementor-mark-required\">\n\t\t\t\t\t\t\t\t\t\t\t\t<label for=\"form-field-message\" class=\"elementor-field-label\">\n\t\t\t\t\t\t\t\tIhre Nachricht an uns:\t\t\t\t\t\t\t<\/label>\n\t\t\t\t\t\t<textarea class=\"elementor-field-textual elementor-field  elementor-size-sm\" name=\"form_fields[message]\" id=\"form-field-message\" rows=\"4\" placeholder=\"Nachricht\" required=\"required\"><\/textarea>\t\t\t\t<\/div>\n\t\t\t\t\t\t\t\t<div class=\"elementor-field-group elementor-column elementor-field-type-submit elementor-col-100 e-form__buttons\">\n\t\t\t\t\t<button class=\"elementor-button elementor-size-sm\" type=\"submit\">\n\t\t\t\t\t\t<span class=\"elementor-button-content-wrapper\">\n\t\t\t\t\t\t\t\t\t\t\t\t\t\t\t\t\t\t\t\t\t\t<span class=\"elementor-button-text\">Senden<\/span>\n\t\t\t\t\t\t\t\t\t\t\t\t\t<\/span>\n\t\t\t\t\t<\/button>\n\t\t\t\t<\/div>\n\t\t\t<\/div>\n\t\t<\/form>\n\t\t\t\t\t\t<\/div>\n\t\t\t\t<\/div>\n\t\t\t\t\t<\/div>\n\t\t<\/div>\n\t\t\t\t\t<\/div>\n\t\t<\/section>\n\t\t\t\t<\/div>\n\t\t","protected":false},"excerpt":{"rendered":"<p>Sie sind daran interssiert, unsere SOKO Livekrimis bei Ihnen anzubieten?Sie besitzen oder leiten eine Lokalit\u00e4t und m\u00f6chten in einem einzigartigen Rahmen neue G\u00e4ste auf Ihr Angebot aufmerksam machen und Ihren Stammg\u00e4sten ein au\u00dfergew\u00f6hnliches Event bieten? Unsere Livekrimis sind in (fast) allen Indoor Lokalit\u00e4ten spielbar und k\u00f6nnen auf unterschiedliche Rahmenbedingungen angepasst werden, ganz gleich, ob: Restaurant Hotel Bar Event Location jeglicher Art (z.B.: B\u00fcrgerhaus, Vereinsheim, ehemalige Fabrikgeb\u00e4ude, Festsaal) Schl\u00f6sser, Burgen und co. Bibliotheken etc. Die Livekrimis sind sowohl in Kombination mit einem Mehrgang-Men\u00fc, als auch mit reiner Getr\u00e4nkebegleitung spielbar, sodass wir uns an Ihre Begebenheiten vor Ort anpassen k\u00f6nnen.Auch als Erg\u00e4nzung zu einem bereits bestehenden Angebot an Dinner-Events eignen sich die Livekrimis, da sich unser Konzept auf das Spielerlebnis, sowie die Ermittlungen im Team und am Tatort konzentrierten. Wir f\u00fcgen unseren Tatort in ihre Lokalit\u00e4t ein und kreieren so ein immersives Erlebnis.\u00a0 Wir konnten Ihr Interesse wecken?Dann schreiben Sie uns noch heute, damit wir Ihnen ein unverbindliches Angebot machen k\u00f6nnen, das auf Ihre Lokalit\u00e4t zugeschnitten ist:<\/p>\n","protected":false},"author":1,"featured_media":0,"parent":0,"menu_order":0,"comment_status":"closed","ping_status":"closed","template":"","meta":{"footnotes":""},"class_list":["post-2795","page","type-page","status-publish","hentry"],"_links":{"self":[{"href":"https:\/\/soko-livekrimi.de\/index.php\/wp-json\/wp\/v2\/pages\/2795","targetHints":{"allow":["GET"]}}],"collection":[{"href":"https:\/\/soko-livekrimi.de\/index.php\/wp-json\/wp\/v2\/pages"}],"about":[{"href":"https:\/\/soko-livekrimi.de\/index.php\/wp-json\/wp\/v2\/types\/page"}],"author":[{"embeddable":true,"href":"https:\/\/soko-livekrimi.de\/index.php\/wp-json\/wp\/v2\/users\/1"}],"replies":[{"embeddable":true,"href":"https:\/\/soko-livekrimi.de\/index.php\/wp-json\/wp\/v2\/comments?post=2795"}],"version-history":[{"count":25,"href":"https:\/\/soko-livekrimi.de\/index.php\/wp-json\/wp\/v2\/pages\/2795\/revisions"}],"predecessor-version":[{"id":3473,"href":"https:\/\/soko-livekrimi.de\/index.php\/wp-json\/wp\/v2\/pages\/2795\/revisions\/3473"}],"wp:attachment":[{"href":"https:\/\/soko-livekrimi.de\/index.php\/wp-json\/wp\/v2\/media?parent=2795"}],"curies":[{"name":"wp","href":"https:\/\/api.w.org\/{rel}","templated":true}]}}