{"id":2671,"date":"2023-08-06T09:17:34","date_gmt":"2023-08-06T09:17:34","guid":{"rendered":"https:\/\/soko-livekrimi.de\/?page_id=2671"},"modified":"2026-04-03T06:52:11","modified_gmt":"2026-04-03T06:52:11","slug":"die-faelle","status":"publish","type":"page","link":"https:\/\/soko-livekrimi.de\/index.php\/die-faelle\/","title":{"rendered":"Die F\u00e4lle"},"content":{"rendered":"\t\t<div data-elementor-type=\"wp-page\" data-elementor-id=\"2671\" class=\"elementor elementor-2671\" data-elementor-post-type=\"page\">\n\t\t\t\t\t\t<section class=\"elementor-section elementor-top-section elementor-element elementor-element-ea94828 elementor-section-boxed elementor-section-height-default elementor-section-height-default\" data-id=\"ea94828\" data-element_type=\"section\" data-e-type=\"section\">\n\t\t\t\t\t\t<div class=\"elementor-container elementor-column-gap-default\">\n\t\t\t\t\t<div class=\"elementor-column elementor-col-100 elementor-top-column elementor-element elementor-element-52a6ea7\" data-id=\"52a6ea7\" data-element_type=\"column\" data-e-type=\"column\">\n\t\t\t<div class=\"elementor-widget-wrap elementor-element-populated\">\n\t\t\t\t\t\t<div class=\"elementor-element elementor-element-6f7c30a elementor-widget elementor-widget-image\" data-id=\"6f7c30a\" data-element_type=\"widget\" data-e-type=\"widget\" data-widget_type=\"image.default\">\n\t\t\t\t<div class=\"elementor-widget-container\">\n\t\t\t\t\t\t\t\t\t\t\t\t\t\t\t<img decoding=\"async\" width=\"252\" height=\"108\" src=\"https:\/\/soko-livekrimi.de\/wp-content\/uploads\/2025\/04\/fall.png\" class=\"attachment-large size-large wp-image-3332\" alt=\"\" \/>\t\t\t\t\t\t\t\t\t\t\t\t\t\t\t<\/div>\n\t\t\t\t<\/div>\n\t\t\t\t\t<\/div>\n\t\t<\/div>\n\t\t\t\t\t<\/div>\n\t\t<\/section>\n\t\t\t\t<section class=\"elementor-section elementor-top-section elementor-element elementor-element-36ea4bf elementor-section-boxed elementor-section-height-default elementor-section-height-default\" data-id=\"36ea4bf\" data-element_type=\"section\" data-e-type=\"section\">\n\t\t\t\t\t\t<div class=\"elementor-container elementor-column-gap-default\">\n\t\t\t\t\t<div class=\"elementor-column elementor-col-33 elementor-top-column elementor-element elementor-element-9217970\" data-id=\"9217970\" data-element_type=\"column\" data-e-type=\"column\">\n\t\t\t<div class=\"elementor-widget-wrap elementor-element-populated\">\n\t\t\t\t\t\t<div class=\"elementor-element elementor-element-3b1664e elementor-widget elementor-widget-image\" data-id=\"3b1664e\" data-element_type=\"widget\" data-e-type=\"widget\" data-widget_type=\"image.default\">\n\t\t\t\t<div class=\"elementor-widget-container\">\n\t\t\t\t\t\t\t\t\t\t\t\t\t\t\t\t<a href=\"https:\/\/soko-livekrimi.de\/index.php\/soko-mord\/\">\n\t\t\t\t\t\t\t<img fetchpriority=\"high\" decoding=\"async\" width=\"300\" height=\"300\" src=\"https:\/\/soko-livekrimi.de\/wp-content\/uploads\/2025\/04\/Interaktiv-1-300x300.png\" class=\"elementor-animation-grow-rotate attachment-medium size-medium wp-image-3355\" alt=\"\" srcset=\"https:\/\/soko-livekrimi.de\/wp-content\/uploads\/2025\/04\/Interaktiv-1-300x300.png 300w, https:\/\/soko-livekrimi.de\/wp-content\/uploads\/2025\/04\/Interaktiv-1-1024x1024.png 1024w, https:\/\/soko-livekrimi.de\/wp-content\/uploads\/2025\/04\/Interaktiv-1-150x150.png 150w, https:\/\/soko-livekrimi.de\/wp-content\/uploads\/2025\/04\/Interaktiv-1-768x768.png 768w, https:\/\/soko-livekrimi.de\/wp-content\/uploads\/2025\/04\/Interaktiv-1-1536x1536.png 1536w, https:\/\/soko-livekrimi.de\/wp-content\/uploads\/2025\/04\/Interaktiv-1-1140x1140.png 1140w, https:\/\/soko-livekrimi.de\/wp-content\/uploads\/2025\/04\/Interaktiv-1-75x75.png 75w, https:\/\/soko-livekrimi.de\/wp-content\/uploads\/2025\/04\/Interaktiv-1.png 1563w\" sizes=\"(max-width: 300px) 100vw, 300px\" \/>\t\t\t\t\t\t\t\t<\/a>\n\t\t\t\t\t\t\t\t\t\t\t\t\t\t\t<\/div>\n\t\t\t\t<\/div>\n\t\t\t\t\t<\/div>\n\t\t<\/div>\n\t\t\t\t<div class=\"elementor-column elementor-col-66 elementor-top-column elementor-element elementor-element-34c66bd\" data-id=\"34c66bd\" data-element_type=\"column\" data-e-type=\"column\">\n\t\t\t<div class=\"elementor-widget-wrap elementor-element-populated\">\n\t\t\t\t\t\t<div class=\"elementor-element elementor-element-f951afd elementor-widget elementor-widget-text-editor\" data-id=\"f951afd\" data-element_type=\"widget\" data-e-type=\"widget\" data-widget_type=\"text-editor.default\">\n\t\t\t\t<div class=\"elementor-widget-container\">\n\t\t\t\t\t\t\t\t\t<p>Lord Thomas Lexington Senior, der prominenteste und mitunter unbeliebteste B\u00fcrger der Stadt Noellenberg, wird leblos in seinem Studierzimmer innerhalb der Villa aufgefunden.\u00a0<br \/>Diagnose: Mord!<br \/>Ein gefundenes Fressen f\u00fcr die Presse, die mit Spekulationen nicht zur\u00fcckh\u00e4lt und somit die Ermittlungsgruppe zus\u00e4tzlich unter Druck setzt. Dabei ist der Fall f\u00fcr die Hauptkommissare schon verzwickt genug:<br \/>Dank seiner zwielichtigen Immobiliengesch\u00e4fte hatte Lexington zahlreiche Feinde und sein Anwesen mit einem un\u00fcberwindbaren Sicherheitssystem ausgestattet.\u00a0<br \/>Somit ist gewiss: Die Tat muss jemand aus seinem n\u00e4chsten Umfeld getan haben. Doch jeder scheint zwar ein Motiv, aber auch ein wasserdichtes Alibi zu haben.\u00a0<br \/>Helfen Sie den Kommissaren und l\u00f6sen Sie den Fall!\u00a0<\/p>\t\t\t\t\t\t\t\t<\/div>\n\t\t\t\t<\/div>\n\t\t\t\t<div class=\"elementor-element elementor-element-2eb092c elementor-icon-list--layout-traditional elementor-list-item-link-full_width elementor-widget elementor-widget-icon-list\" data-id=\"2eb092c\" data-element_type=\"widget\" data-e-type=\"widget\" data-widget_type=\"icon-list.default\">\n\t\t\t\t<div class=\"elementor-widget-container\">\n\t\t\t\t\t\t\t<ul class=\"elementor-icon-list-items\">\n\t\t\t\t\t\t\t<li class=\"elementor-icon-list-item\">\n\t\t\t\t\t\t\t\t\t\t\t<span class=\"elementor-icon-list-icon\">\n\t\t\t\t\t\t\t<i aria-hidden=\"true\" class=\"fas fa-male\"><\/i>\t\t\t\t\t\t<\/span>\n\t\t\t\t\t\t\t\t\t\t<span class=\"elementor-icon-list-text\">4 bis 60 Personen<\/span>\n\t\t\t\t\t\t\t\t\t<\/li>\n\t\t\t\t\t\t\t\t<li class=\"elementor-icon-list-item\">\n\t\t\t\t\t\t\t\t\t\t\t<span class=\"elementor-icon-list-icon\">\n\t\t\t\t\t\t\t<i aria-hidden=\"true\" class=\"fas fa-clock\"><\/i>\t\t\t\t\t\t<\/span>\n\t\t\t\t\t\t\t\t\t\t<span class=\"elementor-icon-list-text\">120 - 150 Minuten<\/span>\n\t\t\t\t\t\t\t\t\t<\/li>\n\t\t\t\t\t\t\t\t<li class=\"elementor-icon-list-item\">\n\t\t\t\t\t\t\t\t\t\t\t<span class=\"elementor-icon-list-icon\">\n\t\t\t\t\t\t\t<i aria-hidden=\"true\" class=\"fas fa-arrow-alt-circle-up\"><\/i>\t\t\t\t\t\t<\/span>\n\t\t\t\t\t\t\t\t\t\t<span class=\"elementor-icon-list-text\">Fortgeschritten<\/span>\n\t\t\t\t\t\t\t\t\t<\/li>\n\t\t\t\t\t\t<\/ul>\n\t\t\t\t\t\t<\/div>\n\t\t\t\t<\/div>\n\t\t\t\t<div class=\"elementor-element elementor-element-85fd0c8 elementor-button-warning elementor-widget elementor-widget-button\" data-id=\"85fd0c8\" data-element_type=\"widget\" data-e-type=\"widget\" data-widget_type=\"button.default\">\n\t\t\t\t<div class=\"elementor-widget-container\">\n\t\t\t\t\t\t\t\t\t<div class=\"elementor-button-wrapper\">\n\t\t\t\t\t<a class=\"elementor-button elementor-button-link elementor-size-sm\" href=\"https:\/\/soko-livekrimi.de\/index.php\/soko-mord\/\">\n\t\t\t\t\t\t<span class=\"elementor-button-content-wrapper\">\n\t\t\t\t\t\t\t\t\t<span class=\"elementor-button-text\">Mehr Infos<\/span>\n\t\t\t\t\t<\/span>\n\t\t\t\t\t<\/a>\n\t\t\t\t<\/div>\n\t\t\t\t\t\t\t\t<\/div>\n\t\t\t\t<\/div>\n\t\t\t\t\t<\/div>\n\t\t<\/div>\n\t\t\t\t\t<\/div>\n\t\t<\/section>\n\t\t\t\t<section class=\"elementor-section elementor-top-section elementor-element elementor-element-1f2cfdd elementor-section-boxed elementor-section-height-default elementor-section-height-default\" data-id=\"1f2cfdd\" data-element_type=\"section\" data-e-type=\"section\">\n\t\t\t\t\t\t<div class=\"elementor-container elementor-column-gap-default\">\n\t\t\t\t\t<div class=\"elementor-column elementor-col-33 elementor-top-column elementor-element elementor-element-aa8967d\" data-id=\"aa8967d\" data-element_type=\"column\" data-e-type=\"column\">\n\t\t\t<div class=\"elementor-widget-wrap elementor-element-populated\">\n\t\t\t\t\t\t<div class=\"elementor-element elementor-element-80d407c elementor-widget elementor-widget-image\" data-id=\"80d407c\" data-element_type=\"widget\" data-e-type=\"widget\" data-widget_type=\"image.default\">\n\t\t\t\t<div class=\"elementor-widget-container\">\n\t\t\t\t\t\t\t\t\t\t\t\t\t\t\t\t<a href=\"https:\/\/soko-livekrimi.de\/index.php\/soko-braut\/\">\n\t\t\t\t\t\t\t<img decoding=\"async\" width=\"300\" height=\"300\" src=\"https:\/\/soko-livekrimi.de\/wp-content\/uploads\/2025\/04\/Interaktiv-2-300x300.png\" class=\"elementor-animation-grow-rotate attachment-medium size-medium wp-image-3354\" alt=\"\" srcset=\"https:\/\/soko-livekrimi.de\/wp-content\/uploads\/2025\/04\/Interaktiv-2-300x300.png 300w, https:\/\/soko-livekrimi.de\/wp-content\/uploads\/2025\/04\/Interaktiv-2-1024x1024.png 1024w, https:\/\/soko-livekrimi.de\/wp-content\/uploads\/2025\/04\/Interaktiv-2-150x150.png 150w, https:\/\/soko-livekrimi.de\/wp-content\/uploads\/2025\/04\/Interaktiv-2-768x768.png 768w, https:\/\/soko-livekrimi.de\/wp-content\/uploads\/2025\/04\/Interaktiv-2-1536x1536.png 1536w, https:\/\/soko-livekrimi.de\/wp-content\/uploads\/2025\/04\/Interaktiv-2-1140x1140.png 1140w, https:\/\/soko-livekrimi.de\/wp-content\/uploads\/2025\/04\/Interaktiv-2-75x75.png 75w, https:\/\/soko-livekrimi.de\/wp-content\/uploads\/2025\/04\/Interaktiv-2.png 1563w\" sizes=\"(max-width: 300px) 100vw, 300px\" \/>\t\t\t\t\t\t\t\t<\/a>\n\t\t\t\t\t\t\t\t\t\t\t\t\t\t\t<\/div>\n\t\t\t\t<\/div>\n\t\t\t\t\t<\/div>\n\t\t<\/div>\n\t\t\t\t<div class=\"elementor-column elementor-col-66 elementor-top-column elementor-element elementor-element-4fff63b\" data-id=\"4fff63b\" data-element_type=\"column\" data-e-type=\"column\">\n\t\t\t<div class=\"elementor-widget-wrap elementor-element-populated\">\n\t\t\t\t\t\t<div class=\"elementor-element elementor-element-5f0f2a5 elementor-widget elementor-widget-text-editor\" data-id=\"5f0f2a5\" data-element_type=\"widget\" data-e-type=\"widget\" data-widget_type=\"text-editor.default\">\n\t\t\t\t<div class=\"elementor-widget-container\">\n\t\t\t\t\t\t\t\t\t<p>Mary Lexington, Nichte des ermordeten Lords, besucht ihre Familie in Noellenberg und verliebt sich w\u00e4hrend ihres Aufenthaltes in den hiesigen Apotheker Lars.\u00a0<br \/>Am Tag ihrer gemeinsamen Hochzeit dann der Schock:<br \/>Was zun\u00e4chst f\u00fcr eine Brautentf\u00fchrung durch den Trauzeugen gehalten wird, entpuppt sich als reales Verbrechen &#8211; inklusive L\u00f6segeldforderung. Da die Familie im engsten Familienkreis auf dem Anwesen der Lexingtons heiratet, richtet die Polizei ihr Augenmerk sofort auf die externen Dienstleister.\u00a0<br \/>Alle scheinen einen tiefen Groll gegen die Familie Lexington zu hegen, doch wer von ihnen hat Mary entf\u00fchrt?\u00a0<br \/>Und was verbirgt die Braut in dem verriegelten Holzk\u00e4stchen vor ihrem Mann?\u00a0<br \/>Ermitteln Sie rasch, um den Tag zu retten!<\/p>\t\t\t\t\t\t\t\t<\/div>\n\t\t\t\t<\/div>\n\t\t\t\t<div class=\"elementor-element elementor-element-7b487ad elementor-icon-list--layout-traditional elementor-list-item-link-full_width elementor-widget elementor-widget-icon-list\" data-id=\"7b487ad\" data-element_type=\"widget\" data-e-type=\"widget\" data-widget_type=\"icon-list.default\">\n\t\t\t\t<div class=\"elementor-widget-container\">\n\t\t\t\t\t\t\t<ul class=\"elementor-icon-list-items\">\n\t\t\t\t\t\t\t<li class=\"elementor-icon-list-item\">\n\t\t\t\t\t\t\t\t\t\t\t<span class=\"elementor-icon-list-icon\">\n\t\t\t\t\t\t\t<i aria-hidden=\"true\" class=\"fas fa-male\"><\/i>\t\t\t\t\t\t<\/span>\n\t\t\t\t\t\t\t\t\t\t<span class=\"elementor-icon-list-text\">4 bis 60 Personen<\/span>\n\t\t\t\t\t\t\t\t\t<\/li>\n\t\t\t\t\t\t\t\t<li class=\"elementor-icon-list-item\">\n\t\t\t\t\t\t\t\t\t\t\t<span class=\"elementor-icon-list-icon\">\n\t\t\t\t\t\t\t<i aria-hidden=\"true\" class=\"fas fa-clock\"><\/i>\t\t\t\t\t\t<\/span>\n\t\t\t\t\t\t\t\t\t\t<span class=\"elementor-icon-list-text\">120 - 150 Minuten<\/span>\n\t\t\t\t\t\t\t\t\t<\/li>\n\t\t\t\t\t\t\t\t<li class=\"elementor-icon-list-item\">\n\t\t\t\t\t\t\t\t\t\t\t<span class=\"elementor-icon-list-icon\">\n\t\t\t\t\t\t\t<i aria-hidden=\"true\" class=\"fas fa-arrow-alt-circle-up\"><\/i>\t\t\t\t\t\t<\/span>\n\t\t\t\t\t\t\t\t\t\t<span class=\"elementor-icon-list-text\">Fortgeschritten<\/span>\n\t\t\t\t\t\t\t\t\t<\/li>\n\t\t\t\t\t\t<\/ul>\n\t\t\t\t\t\t<\/div>\n\t\t\t\t<\/div>\n\t\t\t\t<div class=\"elementor-element elementor-element-8f7e4b5 elementor-button-warning elementor-widget elementor-widget-button\" data-id=\"8f7e4b5\" data-element_type=\"widget\" data-e-type=\"widget\" data-widget_type=\"button.default\">\n\t\t\t\t<div class=\"elementor-widget-container\">\n\t\t\t\t\t\t\t\t\t<div class=\"elementor-button-wrapper\">\n\t\t\t\t\t<a class=\"elementor-button elementor-button-link elementor-size-sm\" href=\"https:\/\/soko-livekrimi.de\/index.php\/soko-braut\/\">\n\t\t\t\t\t\t<span class=\"elementor-button-content-wrapper\">\n\t\t\t\t\t\t\t\t\t<span class=\"elementor-button-text\">In Produktion<\/span>\n\t\t\t\t\t<\/span>\n\t\t\t\t\t<\/a>\n\t\t\t\t<\/div>\n\t\t\t\t\t\t\t\t<\/div>\n\t\t\t\t<\/div>\n\t\t\t\t\t<\/div>\n\t\t<\/div>\n\t\t\t\t\t<\/div>\n\t\t<\/section>\n\t\t\t\t<section class=\"elementor-section elementor-top-section elementor-element elementor-element-73623f1 elementor-section-boxed elementor-section-height-default elementor-section-height-default\" data-id=\"73623f1\" data-element_type=\"section\" data-e-type=\"section\">\n\t\t\t\t\t\t<div class=\"elementor-container elementor-column-gap-default\">\n\t\t\t\t\t<div class=\"elementor-column elementor-col-33 elementor-top-column elementor-element elementor-element-a9d827b\" data-id=\"a9d827b\" data-element_type=\"column\" data-e-type=\"column\">\n\t\t\t<div class=\"elementor-widget-wrap elementor-element-populated\">\n\t\t\t\t\t\t<div class=\"elementor-element elementor-element-2993e4c elementor-widget elementor-widget-image\" data-id=\"2993e4c\" data-element_type=\"widget\" data-e-type=\"widget\" data-widget_type=\"image.default\">\n\t\t\t\t<div class=\"elementor-widget-container\">\n\t\t\t\t\t\t\t\t\t\t\t\t\t\t\t<img loading=\"lazy\" decoding=\"async\" width=\"960\" height=\"960\" src=\"https:\/\/soko-livekrimi.de\/wp-content\/uploads\/2025\/04\/Interaktiv-3-1024x1024.png\" class=\"attachment-large size-large wp-image-3357\" alt=\"\" srcset=\"https:\/\/soko-livekrimi.de\/wp-content\/uploads\/2025\/04\/Interaktiv-3-1024x1024.png 1024w, https:\/\/soko-livekrimi.de\/wp-content\/uploads\/2025\/04\/Interaktiv-3-300x300.png 300w, https:\/\/soko-livekrimi.de\/wp-content\/uploads\/2025\/04\/Interaktiv-3-150x150.png 150w, https:\/\/soko-livekrimi.de\/wp-content\/uploads\/2025\/04\/Interaktiv-3-768x768.png 768w, https:\/\/soko-livekrimi.de\/wp-content\/uploads\/2025\/04\/Interaktiv-3-1536x1536.png 1536w, https:\/\/soko-livekrimi.de\/wp-content\/uploads\/2025\/04\/Interaktiv-3-1140x1140.png 1140w, https:\/\/soko-livekrimi.de\/wp-content\/uploads\/2025\/04\/Interaktiv-3-75x75.png 75w, https:\/\/soko-livekrimi.de\/wp-content\/uploads\/2025\/04\/Interaktiv-3.png 1563w\" sizes=\"(max-width: 960px) 100vw, 960px\" \/>\t\t\t\t\t\t\t\t\t\t\t\t\t\t\t<\/div>\n\t\t\t\t<\/div>\n\t\t\t\t\t<\/div>\n\t\t<\/div>\n\t\t\t\t<div class=\"elementor-column elementor-col-66 elementor-top-column elementor-element elementor-element-2feb14d\" data-id=\"2feb14d\" data-element_type=\"column\" data-e-type=\"column\">\n\t\t\t<div class=\"elementor-widget-wrap elementor-element-populated\">\n\t\t\t\t\t\t<div class=\"elementor-element elementor-element-ca71a41 elementor-widget elementor-widget-text-editor\" data-id=\"ca71a41\" data-element_type=\"widget\" data-e-type=\"widget\" data-widget_type=\"text-editor.default\">\n\t\t\t\t<div class=\"elementor-widget-container\">\n\t\t\t\t\t\t\t\t\t<p>Hauptkommissarin Ari vom Noellenberger Revier g\u00f6nnt sich nach den beiden Aufsehen erregenden F\u00e4llen eine kleine Auszeit auf einem Kreuzfahrtschiff.<br \/>Doch kaum sind die ersten Tage ihrer Reise vergangen, wird am Seetag der Kapit\u00e4n Harry Sam Lexington ermordet aufgefunden. Die Besatzung bittet Ari um Hilfe und weiht sie in das ein oder andere pikante Geheimnis des Kapit\u00e4ns ein. W\u00e4hrend sich manches als Seemannsgarn entpuppt, kommen interessante Machenschaften des Kapit\u00e4ns gegen\u00fcber der Crew ans Licht und auch ein Blick auf die Passagierliste verr\u00e4t:\u00a0<br \/>Der ein oder andere Gast hatte durchaus ein Motiv\u2026\u00a0<\/p>\t\t\t\t\t\t\t\t<\/div>\n\t\t\t\t<\/div>\n\t\t\t\t<div class=\"elementor-element elementor-element-e9da381 elementor-icon-list--layout-traditional elementor-list-item-link-full_width elementor-widget elementor-widget-icon-list\" data-id=\"e9da381\" data-element_type=\"widget\" data-e-type=\"widget\" data-widget_type=\"icon-list.default\">\n\t\t\t\t<div class=\"elementor-widget-container\">\n\t\t\t\t\t\t\t<ul class=\"elementor-icon-list-items\">\n\t\t\t\t\t\t\t<li class=\"elementor-icon-list-item\">\n\t\t\t\t\t\t\t\t\t\t\t<span class=\"elementor-icon-list-icon\">\n\t\t\t\t\t\t\t<i aria-hidden=\"true\" class=\"fas fa-male\"><\/i>\t\t\t\t\t\t<\/span>\n\t\t\t\t\t\t\t\t\t\t<span class=\"elementor-icon-list-text\">2 bis 6 Personen<\/span>\n\t\t\t\t\t\t\t\t\t<\/li>\n\t\t\t\t\t\t\t\t<li class=\"elementor-icon-list-item\">\n\t\t\t\t\t\t\t\t\t\t\t<span class=\"elementor-icon-list-icon\">\n\t\t\t\t\t\t\t<i aria-hidden=\"true\" class=\"fas fa-clock\"><\/i>\t\t\t\t\t\t<\/span>\n\t\t\t\t\t\t\t\t\t\t<span class=\"elementor-icon-list-text\">120 - 150 Minuten<\/span>\n\t\t\t\t\t\t\t\t\t<\/li>\n\t\t\t\t\t\t\t\t<li class=\"elementor-icon-list-item\">\n\t\t\t\t\t\t\t\t\t\t\t<span class=\"elementor-icon-list-icon\">\n\t\t\t\t\t\t\t<i aria-hidden=\"true\" class=\"fas fa-arrow-alt-circle-up\"><\/i>\t\t\t\t\t\t<\/span>\n\t\t\t\t\t\t\t\t\t\t<span class=\"elementor-icon-list-text\">Anf\u00e4nger<\/span>\n\t\t\t\t\t\t\t\t\t<\/li>\n\t\t\t\t\t\t<\/ul>\n\t\t\t\t\t\t<\/div>\n\t\t\t\t<\/div>\n\t\t\t\t<div class=\"elementor-element elementor-element-6a808a9 elementor-button-warning elementor-widget elementor-widget-button\" data-id=\"6a808a9\" data-element_type=\"widget\" data-e-type=\"widget\" data-widget_type=\"button.default\">\n\t\t\t\t<div class=\"elementor-widget-container\">\n\t\t\t\t\t\t\t\t\t<div class=\"elementor-button-wrapper\">\n\t\t\t\t\t<a class=\"elementor-button elementor-size-sm\" role=\"button\">\n\t\t\t\t\t\t<span class=\"elementor-button-content-wrapper\">\n\t\t\t\t\t\t\t\t\t<span class=\"elementor-button-text\">In Arbeit<\/span>\n\t\t\t\t\t<\/span>\n\t\t\t\t\t<\/a>\n\t\t\t\t<\/div>\n\t\t\t\t\t\t\t\t<\/div>\n\t\t\t\t<\/div>\n\t\t\t\t\t<\/div>\n\t\t<\/div>\n\t\t\t\t\t<\/div>\n\t\t<\/section>\n\t\t\t\t<\/div>\n\t\t","protected":false},"excerpt":{"rendered":"<p>Lord Thomas Lexington Senior, der prominenteste und mitunter unbeliebteste B\u00fcrger der Stadt Noellenberg, wird leblos in seinem Studierzimmer innerhalb der Villa aufgefunden.\u00a0Diagnose: Mord!Ein gefundenes Fressen f\u00fcr die Presse, die mit Spekulationen nicht zur\u00fcckh\u00e4lt und somit die Ermittlungsgruppe zus\u00e4tzlich unter Druck setzt. Dabei ist der Fall f\u00fcr die Hauptkommissare schon verzwickt genug:Dank seiner zwielichtigen Immobiliengesch\u00e4fte hatte Lexington zahlreiche Feinde und sein Anwesen mit einem un\u00fcberwindbaren Sicherheitssystem ausgestattet.\u00a0Somit ist gewiss: Die Tat muss jemand aus seinem n\u00e4chsten Umfeld getan haben. Doch jeder scheint zwar ein Motiv, aber auch ein wasserdichtes Alibi zu haben.\u00a0Helfen Sie den Kommissaren und l\u00f6sen Sie den Fall!\u00a0 4 bis 60 Personen 120 &#8211; 150 Minuten Fortgeschritten Mehr Infos Mary Lexington, Nichte des ermordeten Lords, besucht ihre Familie in Noellenberg und verliebt sich w\u00e4hrend ihres Aufenthaltes in den hiesigen Apotheker Lars.\u00a0Am Tag ihrer gemeinsamen Hochzeit dann der Schock:Was zun\u00e4chst f\u00fcr eine Brautentf\u00fchrung durch den Trauzeugen gehalten wird, entpuppt sich als reales Verbrechen &#8211; inklusive L\u00f6segeldforderung. Da die Familie im engsten Familienkreis auf dem Anwesen der Lexingtons heiratet, richtet die Polizei ihr Augenmerk sofort auf die externen Dienstleister.\u00a0Alle scheinen einen tiefen Groll gegen die Familie Lexington zu hegen, doch wer von ihnen hat Mary entf\u00fchrt?\u00a0Und was verbirgt die Braut in dem verriegelten Holzk\u00e4stchen vor ihrem Mann?\u00a0Ermitteln Sie rasch, um den Tag zu retten! 4 bis 60 Personen 120 &#8211; 150 Minuten Fortgeschritten In Produktion Hauptkommissarin Ari vom Noellenberger Revier g\u00f6nnt sich nach den beiden Aufsehen erregenden F\u00e4llen eine kleine Auszeit auf einem Kreuzfahrtschiff.Doch kaum sind die ersten Tage ihrer Reise vergangen, wird am Seetag der Kapit\u00e4n Harry Sam Lexington ermordet aufgefunden. Die Besatzung bittet Ari um Hilfe und weiht sie in das ein oder andere pikante Geheimnis des Kapit\u00e4ns ein. W\u00e4hrend sich manches als Seemannsgarn entpuppt, kommen interessante Machenschaften des Kapit\u00e4ns gegen\u00fcber der Crew ans Licht und auch ein Blick auf die Passagierliste verr\u00e4t:\u00a0Der ein oder andere Gast hatte durchaus ein Motiv\u2026\u00a0 2 bis 6 Personen 120 &#8211; 150 Minuten Anf\u00e4nger In Arbeit<\/p>\n","protected":false},"author":1,"featured_media":0,"parent":0,"menu_order":0,"comment_status":"closed","ping_status":"closed","template":"","meta":{"footnotes":""},"class_list":["post-2671","page","type-page","status-publish","hentry"],"_links":{"self":[{"href":"https:\/\/soko-livekrimi.de\/index.php\/wp-json\/wp\/v2\/pages\/2671","targetHints":{"allow":["GET"]}}],"collection":[{"href":"https:\/\/soko-livekrimi.de\/index.php\/wp-json\/wp\/v2\/pages"}],"about":[{"href":"https:\/\/soko-livekrimi.de\/index.php\/wp-json\/wp\/v2\/types\/page"}],"author":[{"embeddable":true,"href":"https:\/\/soko-livekrimi.de\/index.php\/wp-json\/wp\/v2\/users\/1"}],"replies":[{"embeddable":true,"href":"https:\/\/soko-livekrimi.de\/index.php\/wp-json\/wp\/v2\/comments?post=2671"}],"version-history":[{"count":29,"href":"https:\/\/soko-livekrimi.de\/index.php\/wp-json\/wp\/v2\/pages\/2671\/revisions"}],"predecessor-version":[{"id":3532,"href":"https:\/\/soko-livekrimi.de\/index.php\/wp-json\/wp\/v2\/pages\/2671\/revisions\/3532"}],"wp:attachment":[{"href":"https:\/\/soko-livekrimi.de\/index.php\/wp-json\/wp\/v2\/media?parent=2671"}],"curies":[{"name":"wp","href":"https:\/\/api.w.org\/{rel}","templated":true}]}}